 253*y**2 - 5*y + 3. Let j = -54 + 55. List the prime factors of x(j).
251
Let w(n) = -2*n**3 - 10*n**2 - 9*n + 9. Let o(p) = -5*p**3 - 21*p**2 - 18*p + 19. Let x(c) = 3*o(c) - 7*w(c). List the prime factors of x(4).
2, 3, 13
Let b(n) = 5*n**3 - 3*n**2 + 2*n. Let l be b(2). Let i = -16 + l. Let k = i - -4. What are the prime factors of k?
2, 5
Let t = 329 - -587. What are the prime factors of t?
2, 229
Suppose -3*j + 10 - 40 = 0. Let r be (-66)/j + (-21)/35. Suppose 2*t = r*t - 136. List the prime factors of t.
2, 17
List the prime factors of ((-26)/(-3) + -3)*(0 + 93).
17, 31
List the prime factors of 4275/12 + 4 + 9/12.
19
Suppose -5*r = -4120 + 485. List the prime factors of r.
727
Let g(t) = -t**3 - 13*t**2 + 13*t - 7. Let d = 7 - 4. Suppose -d*r = 66 - 24. What are the prime factors of g(r)?
7
Let h be (0 - 1) + (1 - -405) + -5. Suppose -6*p + h = 4*p. What are the prime factors of p?
2, 5
Let s(w) be the third derivative of w**4/4 + 19*w**3/6 - 22*w**2. List the prime factors of s(6).
5, 11
Let a = -1099 + 2667. List the prime factors of a.
2, 7
Let g = -20 + 10. Let w(s) = s**2 + 11*s - 8. Let l be w(g). Let i = l + 36. List the prime factors of i.
2, 3
Suppose -2*h = -4*h + 12. Let a(c) = -c**2 + 12*c + 3. What are the prime factors of a(h)?
3, 13
Suppose -2*t = -7*t + 25. Suppose -15 = -t*d - 0*q - 5*q, 0 = d - q - 11. What are the prime factors of d?
7
Let t be (4 - -2)/3 - 0. Suppose t*k - 162 = 102. What are the prime factors of k?
2, 3, 11
Suppose -2*a - 2*u + 5*u = -2653, 3*a - 3*u = 3975. List the prime factors of a.
2, 661
Suppose 0 = -13*w + 3295 - 591. What are the prime factors of w?
2, 13
Let h = 51 - 17. Let y = 191 - h. List the prime factors of y.
157
Suppose -4 - 2 = -3*v. Let l(f) be the third derivative of f**5/15 - f**4/12 + f**3/3 + 9*f**2. What are the prime factors of l(v)?
2, 7
Let m(z) = z**3 - 14*z**2 + 11*z + 13. Let v be m(13). Let y = v + 25. What are the prime factors of y?
2, 3
Let u(q) be the third derivative of -q**5/60 - q**4/8 - 3*q**3/2 - 7*q**2. Let p be u(6). Let h = -28 - p. What are the prime factors of h?
5, 7
Let x(c) = -c - 1. Let v be x(-2). Let a(z) = z**2 + 12*z - 11. Let o be a(-13). What are the prime factors of (o/6)/(v/87)?
29
Suppose -1636 = -28*d + 24*d. List the prime factors of d.
409
Let g be (-7635)/(-27) - ((-4)/18 + 0). Suppose -4*t + g = -81. List the prime factors of t.
7, 13
Suppose -2*n + 3*c + 153 = 0, 0 = c + 1 - 2. List the prime factors of n.
2, 3, 13
Suppose -4*m - 5*y = -606, 10*y = -3*m + 9*y + 449. What are the prime factors of m?
149
Let d(g) be the second derivative of -g**5/10 + g**4/6 - g**3/3 - 3*g**2 - 11*g. What are the prime factors of d(-3)?
2, 3
Let g = -21 - 3. Let z be (g/6)/((-1)/2). Suppose 11*p - 81 = z*p. List the prime factors of p.
3
Suppose 2*u - 7*c - 9505 = -6*c, 0 = 3*c - 15. What are the prime factors of u?
3, 5, 317
Suppose 4*k + 25 = 9*k. Suppose 3*b + 208 = k*b. List the prime factors of b.
2, 13
What are the prime factors of ((-25)/((-1625)/(-1924)))/(2/(-185))?
2, 37
List the prime factors of (-18312)/(-28) + (6 - 1).
659
Let p(x) be the first derivative of 2*x**2 - 40*x - 23. List the prime factors of p(12).
2
Let i(o) = -o**3 + 3*o**2. Let n be i(3). Let c be 130*(5 + -4 - n). Let p = c + -75. What are the prime factors of p?
5, 11
Suppose 0 = -17*q + 20*q - 12. Let v(n) = n**3 + 4 - 3*n**2 - 2*n - 8 + 0*n. List the prime factors of v(q).
2
Suppose 63*s = -19*s + 359242. List the prime factors of s.
13, 337
Let u(w) = w + 2. Let p be u(18). Suppose -p*o + 48 = -12*o. List the prime factors of o.
2, 3
List the prime factors of 575/(-2)*(-27)/180*8.
3, 5, 23
What are the prime factors of 59630/16 + 3/24?
3727
Suppose -5 = -c, -4*u + 14*c - 10*c = -6796. List the prime factors of u.
2, 3, 71
Suppose -3*v = -396 - 387. Suppose -7*u = -v - 75. What are the prime factors of u?
2, 3
Suppose -9*q + 2076 + 1119 = 0. What are the prime factors of q?
5, 71
Let x be ((-10)/(-4))/(52/8 + -7). Let z(w) = -w**3 + 4*w**2 + w + 5. List the prime factors of z(x).
3, 5
Let c be 2 + (-1 - -3) + 1. Suppose 5*t + 55 = c*z, 3*z - 5*z + t = -24. What are the prime factors of z?
13
Let l = 710 + -297. What are the prime factors of l?
7, 59
Let l(i) = -6*i**3 + 5*i**2 + 22. What are the prime factors of l(-5)?
3, 13, 23
Let u(a) = 4*a + 16. Let s(f) = -2*f - 8. Let j(v) = 5*s(v) + 3*u(v). Let n be j(0). Suppose 231 = n*b - 5*b. List the prime factors of b.
7, 11
Suppose -2045 - 17390 = -5*b. List the prime factors of b.
13, 23
Suppose w + 3*w = 0. Suppose -4*v = -w*v. Suppose -g + 5*c + 3 = v, 10*g + 4*c - 73 = 5*g. What are the prime factors of g?
13
Suppose 15*w = -2704 + 46099. List the prime factors of w.
11, 263
Let c = 164 + -307. List the prime factors of 2 - c - (-2 + -2).
149
Let c = 2839 - -1953. List the prime factors of c.
2, 599
Let u(d) = 8*d - 2. Let c(i) = i**2 - 14*i + 1. Let o be c(14). Let b be u(o). Suppose 17 = g + b. What are the prime factors of g?
11
Let m be (0/(-1) - -2)/1. Let l(i) = 13*i - 4. List the prime factors of l(m).
2, 11
Let r(c) = -16*c + 37. Let x(w) = 32*w - 73. Let p(u) = 5*r(u) + 2*x(u). What are the prime factors of p(-12)?
3, 7, 11
Let k(g) = -g**3 + 14*g**2 + 15*g + 4. Let v be k(15). Suppose v*q = q + 84. What are the prime factors of q?
2, 7
Suppose 5*c = 0, 3*t + 5*c - 12 = 3*c. Let m be t/(-2)*(-45)/6. Suppose 2*j = -1 + m. What are the prime factors of j?
7
Let b = 295 + 291. List the prime factors of b.
2, 293
Suppose -5 = -4*c + 27. Let b(o) = 11 - 7 + 7 - c*o - o**2 - 2. List the prime factors of b(-7).
2
Suppose 4*v + 2*w + 130 = 4*w, -3*v = w + 105. What are the prime factors of (-6 - -30)*v/(-4)?
2, 3, 17
Suppose -1876 = -2*a - 0*a. Suppose -5*z + 3*k + a = 6*k, 4*z - 753 = -5*k. List the prime factors of z.
11, 17
Let o(a) = a**3 - 29*a**2 + 25*a - 68. List the prime factors of o(29).
3, 73
Let q(w) be the third derivative of w**6/120 + 2*w**5/15 - w**4/6 - w**3/2 + 15*w**2. Suppose n = -2*n + t - 19, 0 = t + 5. What are the prime factors of q(n)?
29
Suppose -29*w = -26*w + 1542. Let v = -331 - w. What are the prime factors of v?
3, 61
Suppose z + 3007 = 4*k - 13973, -3*z + 8490 = 2*k. What are the prime factors of k?
3, 5, 283
Suppose -5*d - t + 644 + 848 = 0, 4*t + 290 = d. What are the prime factors of d?
2, 149
Suppose -7*q + 3*q + 12 = 0, 0 = -5*v + 4*q - 112. Let u be 1/9*3 - (-131)/3. Let x = u + v. What are the prime factors of x?
2, 3
Let h be 5 + 0*5/20. Suppose 2*l - 86 = -4*p, h*l - 3*p = 100 + 128. What are the prime factors of l?
3, 5
Let w = -130 + 490. List the prime factors of w.
2, 3, 5
Let c(g) = 9*g**2 - 2*g + 2. Let y be (-4)/(-10) + 88/(-20). Let k be y/10 - 144/(-60). What are the prime factors of c(k)?
2, 17
Suppose 5*r = -3*b + 655 + 21979, 2*r + 5*b - 9065 = 0. What are the prime factors of r?
5, 181
Let v = -15 + 7. List the prime factors of 2916/45 - v/(-10).
2
Let p be ((-4)/(2 - 14))/(1/(-9)). Let d(o) be the first derivative of o**4/4 + 5*o**3/3 - o**2/2 - 2*o + 1. What are the prime factors of d(p)?
19
Let t = -4 - 8. Let c be t/(-4) - (1 - -2). Suppose c = 2*o - 20 - 70. List the prime factors of o.
3, 5
Let u(c) = -2*c + 1. Let h be u(-2). Suppose h*a = a - 2*f + 14, -5*a = -4*f + 2. Suppose j = -3*p + 125, j - a = 3*j. List the prime factors of p.
2, 3, 7
Let s(x) = -x**3 - 5*x**2 - 3*x - 7. Suppose m = -0 + 6. Suppose 0 = -5*b + m + 4, 4*b + 22 = -5*a. What are the prime factors of s(a)?
47
Suppose 3*s = -2*u + 290, 2*s = -2*u - 3*s + 298. What are the prime factors of u?
139
Let i(f) = 2*f**3 + 4*f**2 + 6*f + 4. Let u be i(-4). Let y = -54 - u. What are the prime factors of 1535/y + (-1)/6?
3, 17
Let i = 44 - 20. Let v be 10/3 - 8/i. Suppose l - v*s = 13, -l - 63 = -5*l + s. List the prime factors of l.
2
Let s = -873 - -3098. What are the prime factors of s?
5, 89
Let p = 718 - -2242. List the prime factors of p.
2, 5, 37
Let m be 9/(-21) - (-39)/(-7). Let c be (-3)/m + 9/2. Suppose g - c = 18. What are the prime factors of g?
23
Let h be (0 + -58 - -1) + 2. What are the prime factors of h*(-3 + 70/25)?
11
Suppose 3*s + 8 = 3*z - 10, 0 = -s - 1. Suppose 0 = 4*p + z*n - 887, -814 = -4*p - n + 61. List the prime factors of p.
2, 109
Suppose 0 = -15*y + 9*y + 72. List 